110
In base 8, what is -3053 - 3?
-3056
In base 2, what is 1011 - -100111111?
101001010
In base 4, what is -13 - -1011?
332
In base 8, what is 3332 - -6?
3340
In base 4, what is 133 - 1?
132
In base 8, what is -2275 - -3?
-2272
In base 6, what is -545 - 0?
-545
In base 3, what is 10110121 - -2?
10110200
In base 15, what is -1 + -1a?
-1b
In base 16, what is 2bcd - 5?
2bc8
In base 11, what is a + -31?
-22
In base 2, what is -100 - 100000001101?
-100000010001
In base 2, what is -11110011101 - -11?
-11110011010
In base 14, what is -8 - -1a?
12
In base 16, what is -2 + -5?
-7
In base 10, what is -2 - 268?
-270
In base 12, what is 1 + 323?
324
In base 7, what is -13 + 4301?
4255
In base 14, what is -b + 16?
9
In base 15, what is 7 + -a4?
-9c
In base 7, what is 34304 + -1?
34303
In base 4, what is -33103 + 0?
-33103
In base 6, what is 4 - 122?
-114
In base 15, what is 1 - 15?
-14
In base 5, what is -1342 - -103?
-1234
In base 13, what is -c0 + 2a?
-93
In base 8, what is -10504 - 5?
-10511
In base 7, what is -162 + -2?
-164
In base 7, what is 155 - 13?
142
In base 15, what is 59 - 1?
58
In base 2, what is 10 - -11000011110?
11000100000
In base 13, what is 3 + -440?
-43a
In base 14, what is -16 + a5?
8d
In base 16, what is -96 + 9?
-8d
In base 8, what is 25 - 5?
20
In base 16, what is -1622 - -3?
-161f
In base 6, what is 1 + -5441?
-5440
In base 10, what is -130 + 16?
-114
In base 5, what is -212 + 2?
-210
In base 13, what is 284 + -4?
280
In base 4, what is 1022 + 0?
1022
In base 13, what is -c + -8?
-17
In base 6, what is 54325 - -2?
54331
In base 6, what is -2 + -41?
-43
In base 11, what is -194 + -4?
-198
In base 7, what is -5 + 4304?
4266
In base 14, what is -24 - c?
-32
In base 6, what is 25 + 20?
45
In base 5, what is 121 + 11?
132
In base 11, what is 5 + -764?
-75a
In base 4, what is -23 - 1222?
-1311
In base 16, what is -7b + -77?
-f2
In base 4, what is 33300 + -2?
33232
In base 15, what is -1d + -8?
-26
In base 14, what is -21b9 + 0?
-21b9
In base 14, what is 28a3 - 2?
28a1
In base 7, what is -23123 + -2?
-23125
In base 2, what is -1001 - -1001000001?
1000111000
In base 13, what is 97 + 4?
9b
In base 11, what is 467 + 4?
470
In base 6, what is 12 - -1551?
2003
In base 8, what is 2 - 227?
-225
In base 2, what is -1 - -10010?
10001
In base 4, what is -1 + -100113?
-100120
In base 15, what is 56 + 12?
68
In base 3, what is 11221 - 1100?
10121
In base 14, what is 29 + -44?
-19
In base 11, what is 3 + 338?
340
In base 2, what is -1011011 + -11?
-1011110
In base 9, what is 0 - -3435?
3435
In base 7, what is 5463 + -2?
5461
In base 9, what is -532 + 0?
-532
In base 13, what is -119 - -4?
-115
In base 6, what is -1 + 1441?
1440
In base 8, what is 2706 - -5?
2713
In base 16, what is -5 + -8c?
-91
In base 4, what is 2 - -13300?
13302
In base 9, what is 215 - -1?
216
In base 4, what is 23 + 100?
123
In base 12, what is -22 - 2?
-24
In base 12, what is -82 - 5?
-87
In base 3, what is -11 + 10121?
10110
In base 9, what is -664 + -1?
-665
In base 13, what is -1 - -114?
113
In base 11, what is -5 + 89?
84
In base 3, what is 2120 + -20?
2100
In base 7, what is -2 - 622?
-624
In base 10, what is 9 - 8?
1
In base 12, what is -5 - -111?
108
In base 14, what is -3 - d?
-12
In base 4, what is 131 + -12?
113
In base 9, what is 23042 - -1?
23043
In base 11, what is 90 + -1?
8a
In base 14, what is -70 - 0?
-70
In base 11, what is -19a8 + 0?
-19a8
In base 12, what is 260 + 0?
260
In base 12, what is 11 + -28?
-17
In base 6, what is 315 + -4?
311
In base 11, what is 5 - -195?
19a
In base 7, what is -4 + 143?
136
In base 13, what is -6 - a?
-13
In base 5, what is -2131 - 123?
-2304
In base 10, what is 94 - 1?
93
In base 4, what is -201 - -120?
-21
In base 12, what is a + 420?
42a
In base 13, what is 4 - -6b?
72
In base 4, what is 1203 + -13?
1130
In base 4, what is 1330 - -11?
2001
In base 7, what is 204 + 2?
206
In base 12, what is 371 - 0?
371
In base 13, what is 10 + -16?
-6
In base 12, what is -40 - 5?
-45
In base 4, what is -11 - 11?
-22
In base 12, what is -4 + -250?
-254
In base 11, what is -12 + -55?
-67
In base 11, what is -2 + -27a?
-281
In base 16, what is 2e1 + 1?
2e2
In base 7, what is -31 - -2?
-26
In base 12, what is 33 - 5?
2a
In base 15, what is 89 - -10?
99
In base 13, what is -26 + -5?
-2b
In base 6, what is -2 + -1022?
-1024
In base 14, what is -9 - 283?
-28c
In base 5, what is 11 + 244?
310
In base 16, what is 19 + -5c?
-43
In base 16, what is 0 - -4a?
4a
In base 13, what is -3829 + 2?
-3827
In base 15, what is 58 + 4?
5c
In base 3, what is -12 + 211?
122
In base 7, what is 144 + -4?
140
In base 11, what is -16 + 11?
-5
In base 12, what is 120 + -61?
7b
In base 12, what is -2 - 100?
-102
In base 3, what is 12 - 2011?
-1222
In base 12, what is -2 + 3?
1
In base 4, what is -3332 + 122?
-3210
In base 5, what is -23 + 324?
301
In base 8, what is 1 + 44?
45
In base 8, what is -1110 + 3?
-1105
In base 5, what is 12434 + 13?
13002
In base 7, what is -23132 + 3?
-23126
In base 15, what is -3 - -5e3?
5e0
In base 11, what is -7773 - 0?
-7773
In base 4, what is -10 - 12023?
-12033
In base 2, what is 100 + -1001001111?
-1001001011
In base 15, what is -3cd - 0?
-3cd
In base 9, what is 132 - -2?
134
In base 5, what is -122 - -103?
-14
In base 9, what is -1007 - -2?
-1005
In base 15, what is 7 + 14?
1b
In base 2, what is 10010011 - -10010?
10100101
In base 4, what is 2 + -12221?
-12213
In base 7, what is -1153 + 11?
-1142
In base 2, what is -100 + -111001?
-111101
In base 10, what is -49 - 5?
-54
In base 12, what is -606a - 4?
-6072
In base 3, what is -21 - -2221?
2200
In base 3, what is -2 + 2002120?
2002111
In base 15, what is -1 + 1c3?
1c2
In base 3, what is -10 - 1102?
-1112
In base 8, what is 5 + -654?
-647
In base 3, what is -2 + -2101?
-2110
In base 8, what is 1423 - 1?
1422
In base 15, what is 5 + -c0?
-ba
In base 10, what is 240 + 5?
245
In base 9, what is 17 - -2?
20
In base 12, what is 5 + -275?
-270
In base 8, what is -2 + 175?
173
In base 15, what is -441 - -3?
-43d
In base 4, what is -102 + 3022?
2320
In base 14, what is -2 - -27dd?
27db
In base 11, what is 8 + -242?
-235
In base 3, what is 2210 - -100?
10010
In base 9, what is -4 + -376?
-381
In base 4, what is -100 + 113?
13
In base 13, what is -c - 8a?
-99
In base 9, what is -8 + -1467?
-1476
In base 5, what is -1011 - -1002?
-4
In base 6, what is 1 - 50?
-45
In base 13, what is 3 + b63?
b66
In base 15, what is 1 + 82?
83
In base 7, what is -3 + -52?
-55
In base 12, what is 32a0 + 5?
32a5
In base 10, what is -5 + 209?
204
In base 7, what is -10 - 333?
-343
In base 11, what is 6 + -141?
-136
In base 8, what is -114 + -1?
-115
In base 13, what is 14b + -4?
147
In base 15, what is -30 + -2?
-32
In base 11, what is -1a - -4a?
30
In base 14, what is 23 + 18?
3b
In base 5, what is 3 + 1224?
1232
In base 5, what is -20 - 12?
-32
In base 16, what is -1 - 206?
-207
In base 11, what is 31 - -278?
2a9
In base 6, what is -104 + 12?
-52
In base 8, what is -4 + -25?
-31
In base 16, what is 1 - e5?
-e4
In base 15, what is 1 + -8d?
-8c
In base 14, what is -125 + -28?
-14d
In base 10, what is -8 + -395?
-403
In base 15, what is 4b - 50?
-4
In base 14, what is -11b - 4?
-121
In base 10, what is 4 + 160?
164
In base 6, what is 11231 - -4?
11235
In base 9, what is 1 + -62?
-61
In base 13, what is -1 + -2?
-3
In base 3, what is 121120 + 1012?
122202
In base 15, what is 4e - a8?
-59
In base 7, what is 5 - -23234?
23242
In base 7, what is -10 + -1602?
-1612
In base 16, what is 1 - -66?
67
In base 15, what is -4 - -72?
6d
In base 5, what is 1214 + -10?
1204
In base 9, what is 2 - -3?
5
In base 5, what is -2 + -231?
-233
In base 7, what is -1351 + -36?
-1420
In base 16, what is -11 - 4?
-15
In base 5, what is 24 - -1443?
2022
In base 3, what is 10010 + 10?
10020
In base 12, what is -4 - 475?
-479
In base 16, what is -df + 8?
-d7
In base 2, what is -1000011100001010 - 0?
-1000011100001010
In base 7, what is 440 + -40?
400
In base 14, what is 1d60 - -4?
1d64
In base 12, what is -1 - 399?
-39a
In base 2, what is 101 + -11010111101?
-11010111000
In base 9, what is 5 - -361?
366
In base 7, what is -5 - -61?
53
In base 15, what is -c7 - -8?
-be
In base 7, what is -3 + 530?
524
In base 15, what is -23 - -103?
d0
In base 16